{"id":206,"date":"2018-02-03T17:01:57","date_gmt":"2018-02-03T17:01:57","guid":{"rendered":"https:\/\/www.cpiticm.es\/?page_id=206"},"modified":"2018-02-03T17:09:49","modified_gmt":"2018-02-03T17:09:49","slug":"titulacion","status":"publish","type":"page","link":"https:\/\/www.cpiticm.es\/index.php\/titulacion\/","title":{"rendered":"Titulaci\u00f3n"},"content":{"rendered":"<h4>Equiparaci\u00f3n nivel MECES\u00a0 al marco Europeo<\/h4>\n<p>El Real Decreto, del 15 de julio de 2011, por el que se estableci\u00f3 el Marco Espa\u00f1ol de Cualificaciones para la Educaci\u00f3n Superior, fijaba cuatro niveles de cualificaci\u00f3n en funci\u00f3n de los resultados de aprendizaje que proporcionan los estudios oficiales: el nivel de T\u00e9cnico Superior se incluye en el nivel 1, el de Grado en el nivel 2, el de M\u00e1ster en el nivel 3, y el de Doctor en el nivel 4.<\/p>\n<ul>\n<li>El nivel 1 (<strong>T\u00e9cnico Superior<\/strong>) del Marco Espa\u00f1ol de Cualificaciones para la Educaci\u00f3n Superior se corresponde con el nivel 5 del Marco Europeo de Cualificaciones.<\/li>\n<li>El nivel 2 (<strong>Grado<\/strong>) del Marco Espa\u00f1ol de Cualificaciones para la Educaci\u00f3n Superior se corresponde con el nivel 6 del Marco Europeo de Cualificaciones.<\/li>\n<li>El nivel 3 (<strong>M\u00e1ster<\/strong>) del Marco Espa\u00f1ol de Cualificaciones para la Educaci\u00f3n Superior se corresponde con el nivel 7 del Marco Europeo de Cualificaciones.<\/li>\n<li>El nivel 4 (<strong>Doctor<\/strong>) del Marco Espa\u00f1ol de Cualificaciones para la Educaci\u00f3n Superior se corresponde con el nivel 8 del Marco Europeo de Cualificaciones.<\/li>\n<\/ul>\n<p>Puedes encontrar los BOE en los siguientes enlaces:<\/p>\n<p><a href=\"https:\/\/www.cpiticm.es\/wp-content\/uploads\/2018\/02\/BOE-nivel-meces-Ing-Tec-Inf-Gest.pdf\">BOE nivel meces Ing Tec Inf Gest<\/a> \u00a6\u00a0<a href=\"https:\/\/www.cpiticm.es\/wp-content\/uploads\/2018\/02\/BOE-nivel-meces-Ing-Tec-Inf-Sist.pdf\">BOE nivel meces Ing Tec Inf Sist<\/a><\/p>\n","protected":false},"excerpt":{"rendered":"<p>Equiparaci\u00f3n nivel MECES\u00a0 al marco Europeo El Real Decreto, del 15 de julio de 2011, por el que se estableci\u00f3 el Marco Espa\u00f1ol de Cualificaciones para la Educaci\u00f3n Superior, fijaba cuatro niveles de cualificaci\u00f3n en funci\u00f3n de los resultados de aprendizaje que proporcionan los estudios oficiales: el nivel de T\u00e9cnico Superior se incluye en el &hellip; <\/p>\n<p class=\"link-more\"><a href=\"https:\/\/www.cpiticm.es\/index.php\/titulacion\/\" class=\"more-link\">Continuar leyendo<span class=\"screen-reader-text\"> \u00abTitulaci\u00f3n\u00bb<\/span><\/a><\/p>\n","protected":false},"author":1,"featured_media":0,"parent":0,"menu_order":0,"comment_status":"closed","ping_status":"closed","template":"","meta":{"footnotes":""},"class_list":["post-206","page","type-page","status-publish","hentry"],"_links":{"self":[{"href":"https:\/\/www.cpiticm.es\/index.php\/wp-json\/wp\/v2\/pages\/206"}],"collection":[{"href":"https:\/\/www.cpiticm.es\/index.php\/wp-json\/wp\/v2\/pages"}],"about":[{"href":"https:\/\/www.cpiticm.es\/index.php\/wp-json\/wp\/v2\/types\/page"}],"author":[{"embeddable":true,"href":"https:\/\/www.cpiticm.es\/index.php\/wp-json\/wp\/v2\/users\/1"}],"replies":[{"embeddable":true,"href":"https:\/\/www.cpiticm.es\/index.php\/wp-json\/wp\/v2\/comments?post=206"}],"version-history":[{"count":4,"href":"https:\/\/www.cpiticm.es\/index.php\/wp-json\/wp\/v2\/pages\/206\/revisions"}],"predecessor-version":[{"id":220,"href":"https:\/\/www.cpiticm.es\/index.php\/wp-json\/wp\/v2\/pages\/206\/revisions\/220"}],"wp:attachment":[{"href":"https:\/\/www.cpiticm.es\/index.php\/wp-json\/wp\/v2\/media?parent=206"}],"curies":[{"name":"wp","href":"https:\/\/api.w.org\/{rel}","templated":true}]}}