{"id":660,"date":"2019-09-15T17:43:14","date_gmt":"2019-09-15T17:43:14","guid":{"rendered":"https:\/\/www.cpiticm.es\/?page_id=660"},"modified":"2019-09-15T18:03:46","modified_gmt":"2019-09-15T18:03:46","slug":"titulacion-universitaria-para-colegiacion","status":"publish","type":"page","link":"https:\/\/www.cpiticm.es\/index.php\/titulacion-universitaria-para-colegiacion\/","title":{"rendered":"TITULACION UNIVERSITARIA PARA COLEGIACI\u00d3N"},"content":{"rendered":"<p>Titulaci\u00f3n universitaria Oficial de Ingeniero T\u00e9cnico en Inform\u00e1tica de Gesti\u00f3n, de conformidad con el Real Decreto 1460\/1990, de 26 de octubre, o del t\u00edtulo universitario Oficial de Ingeniero T\u00e9cnico en Inform\u00e1tica de Sistemas, de conformidad con el Real Decreto 1461\/1990, de 26 de octubre, o del t\u00edtulo universitario oficial de Diplomado en Inform\u00e1tica y sus normas de homologaci\u00f3n o convalidaci\u00f3n en orden al ejercicio profesional como Ingeniero T\u00e9cnico en Inform\u00e1tica, de conformidad con el Real Decreto 1954\/1994, de 30 de septiembre, o de un t\u00edtulo universitario Oficial de Grado vinculado con la profesi\u00f3n de Ingeniero T\u00e9cnico en Inform\u00e1tica, y que cumpla con las condiciones establecidas en el acuerdo del Consejo de Universidades y en su Anexo II publicados mediante Resoluci\u00f3n de 8 de junio de 2009, de la Secretar\u00eda General de Universidades; en el \u201cBolet\u00edn Oficial del Estado\u201d de 4 de agosto de 2009, o bien se encuentren en posesi\u00f3n de un t\u00edtulo universitario debidamente homologado, con alguno de los anteriores, por la autoridad competente.<\/p>\n<p>Ver\u00a0<a href=\"https:\/\/www.cpiticm.es\/wp-content\/uploads\/2019\/09\/BOE-FICHAS-INGENIERIA-TECNICA-EN-INFORMATICA.pdf\">BOE-Fichas de Ingenier\u00eda en Inform\u00e1tica<\/a><\/p>\n","protected":false},"excerpt":{"rendered":"<p>Titulaci\u00f3n universitaria Oficial de Ingeniero T\u00e9cnico en Inform\u00e1tica de Gesti\u00f3n, de conformidad con el Real Decreto 1460\/1990, de 26 de octubre, o del t\u00edtulo universitario Oficial de Ingeniero T\u00e9cnico en Inform\u00e1tica de Sistemas, de conformidad con el Real Decreto 1461\/1990, de 26 de octubre, o del t\u00edtulo universitario oficial de Diplomado en Inform\u00e1tica y sus &hellip; <\/p>\n<p class=\"link-more\"><a href=\"https:\/\/www.cpiticm.es\/index.php\/titulacion-universitaria-para-colegiacion\/\" class=\"more-link\">Continuar leyendo<span class=\"screen-reader-text\"> \u00abTITULACION UNIVERSITARIA PARA COLEGIACI\u00d3N\u00bb<\/span><\/a><\/p>\n","protected":false},"author":1,"featured_media":0,"parent":0,"menu_order":0,"comment_status":"closed","ping_status":"closed","template":"","meta":{"footnotes":""},"class_list":["post-660","page","type-page","status-publish","hentry"],"_links":{"self":[{"href":"https:\/\/www.cpiticm.es\/index.php\/wp-json\/wp\/v2\/pages\/660"}],"collection":[{"href":"https:\/\/www.cpiticm.es\/index.php\/wp-json\/wp\/v2\/pages"}],"about":[{"href":"https:\/\/www.cpiticm.es\/index.php\/wp-json\/wp\/v2\/types\/page"}],"author":[{"embeddable":true,"href":"https:\/\/www.cpiticm.es\/index.php\/wp-json\/wp\/v2\/users\/1"}],"replies":[{"embeddable":true,"href":"https:\/\/www.cpiticm.es\/index.php\/wp-json\/wp\/v2\/comments?post=660"}],"version-history":[{"count":4,"href":"https:\/\/www.cpiticm.es\/index.php\/wp-json\/wp\/v2\/pages\/660\/revisions"}],"predecessor-version":[{"id":666,"href":"https:\/\/www.cpiticm.es\/index.php\/wp-json\/wp\/v2\/pages\/660\/revisions\/666"}],"wp:attachment":[{"href":"https:\/\/www.cpiticm.es\/index.php\/wp-json\/wp\/v2\/media?parent=660"}],"curies":[{"name":"wp","href":"https:\/\/api.w.org\/{rel}","templated":true}]}}